{"id":36,"date":"2016-04-26T14:53:40","date_gmt":"2016-04-26T14:53:40","guid":{"rendered":"http:\/\/epistemologia.com.br\/revista\/?page_id=36"},"modified":"2023-05-07T01:01:10","modified_gmt":"2023-05-07T04:01:10","slug":"outras-leituras","status":"publish","type":"page","link":"https:\/\/epistemologia.com.br\/revista\/outras-leituras","title":{"rendered":"Outras leituras"},"content":{"rendered":"<div class=\"kcite-section\" kcite-section-id=\"36\">\n<p><strong>Confiram os artigos publicados na &#8220;Revista Epistemologia&#8221;:<\/strong><\/p>\n<ul>\n<li><a href=\"https:\/\/epistemologia.com.br\/academico\/index.php\/epistemologia\/article\/view\/1\">Da Fragmenta\u00e7\u00e3o \u00e0 complexidade: os saberes tradicionais amaz\u00f4nicos e a rela\u00e7\u00e3o ser humano &#8211; Natureza na Amaz\u00f4nia sob uma compreens\u00e3o em Edgar Morin<\/a><\/li>\n<li><a href=\"https:\/\/epistemologia.com.br\/academico\/index.php\/epistemologia\/article\/view\/4\">Editorial &#8211; Centen\u00e1rios e reflex\u00f5es temporais<\/a><\/li>\n<li><a href=\"https:\/\/epistemologia.com.br\/academico\/index.php\/epistemologia\/article\/view\/5\">A Fic\u00e7\u00e3o Cient\u00edfica como parte do processo e Revolu\u00e7\u00e3o da Ci\u00eancia<\/a><\/li>\n<li><a href=\"https:\/\/epistemologia.com.br\/academico\/index.php\/epistemologia\/article\/view\/9\">Epistemologia \u2013 o que \u00e9?<\/a><\/li>\n<li><a href=\"https:\/\/epistemologia.com.br\/academico\/index.php\/epistemologia\/article\/view\/10\">Dasein e Zuhanden em Martin Heidegger, o Realismo de Entidades em Ian Hacking e o Convencionalismo para Impactar Positivamente o Meio Ambiente<\/a><\/li>\n<li><a href=\"https:\/\/epistemologia.com.br\/academico\/index.php\/epistemologia\/article\/view\/11\">Introdu\u00e7\u00e3o ao Debate Realismo versus Antirrealismo<\/a><\/li>\n<li><a href=\"https:\/\/epistemologia.com.br\/academico\/index.php\/epistemologia\/article\/view\/12\">A Quest\u00e3o do Logos em Heidegger e Lyotard: A urg\u00eancia de um \u201coutro pensar\u201d na condi\u00e7\u00e3o p\u00f3s-moderna<\/a><\/li>\n<li><a href=\"https:\/\/epistemologia.com.br\/academico\/index.php\/epistemologia\/article\/view\/13\">Epistemologia e suas poss\u00edveis interse\u00e7\u00f5es sociais<\/a><\/li>\n<li><a href=\"https:\/\/epistemologia.com.br\/academico\/index.php\/epistemologia\/article\/view\/14\">Agindo num mundo desde sempre familiar: perspectivas etnometodol\u00f3gicas sobre a\u00e7\u00e3o social<\/a><\/li>\n<li><a href=\"https:\/\/epistemologia.com.br\/revista\/1361-individuo-comunidade-e-ascensao-social-a-falta-de-reconhecimento-no-espaco-publico-como-forma-de-naturalizacao-das-desigualdades-e-marginalizacao-social.html\">Indiv\u00edduo, comunidade e ascens\u00e3o social: a falta de reconhecimento no espa\u00e7o p\u00fablico como forma de naturaliza\u00e7\u00e3o das desigualdades e marginaliza\u00e7\u00e3o social<\/a><\/li>\n<\/ul>\n<p><strong>Leituras que recomendamos<\/strong>:<\/p>\n<ul>\n<li><a href=\"http:\/\/filosofia-africana.weebly.com\/\">Filosofia Africana<\/a> &#8211; Um <em>website<\/em> com tradu\u00e7\u00f5es e textos que demonstram a riqueza e profundidade da filosofia africana, que est\u00e1 para al\u00e9m dos c\u00e2nones euroc\u00eantricos.<\/li>\n<li><a href=\"http:\/\/plato.stanford.edu\/entries\/induction-problem\/\">O problema da indu\u00e7\u00e3o<\/a> (em Ingl\u00eas) &#8211; O problema b\u00e1sico da indu\u00e7\u00e3o explicado num artigo da\u00a0Stanford Encyclopedia of Philosophy.<\/li>\n<li><a href=\"http:\/\/plato.stanford.edu\/entries\/pseudo-science\/\">Ci\u00eancia e Pseudoci\u00eancia<\/a> (em Ingl\u00eas) &#8211; A ci\u00eancia, a pseudoci\u00eancia e o problema da demarca\u00e7\u00e3o, num artigo da\u00a0Stanford Encyclopedia of Philosophy.<\/li>\n<li><a href=\"http:\/\/criticanarede.com\/realismocientifico.html\">Em defesa do realismo cient\u00edfico<\/a> &#8211; Interessante artigo, no site\u00a0<em>Cr\u00edtica na Rede<\/em> que explica min\u00facias do realismo cient\u00edfico.<\/li>\n<li><a href=\"http:\/\/criticanarede.com\/episciencia.html\">A Epistemologia da Ci\u00eancia<\/a> &#8211; Artigo explanat\u00f3rio sobre facetas da filosofia da ci\u00eancia.<\/li>\n<li><a href=\"http:\/\/criticanarede.com\/realismocientifico.html\">Em defesa do realismo cient\u00edfico<\/a> &#8211; Explica\u00e7\u00f5es sobre o realismo cient\u00edfico.<\/li>\n<li><a href=\"http:\/\/criticanarede.com\/lds_tiposmentes.html\">A postura intencional<\/a> &#8211; Desid\u00e9rio Murcho faz uma resenha e descreve o livro &#8220;Tipos de Mente&#8221; de Daniel Dannet.<\/li>\n<\/ul>\n<p>&nbsp;<\/p>\n<!-- kcite active, but no citations found -->\n<\/div> <!-- kcite-section 36 -->","protected":false},"excerpt":{"rendered":"<p>Confiram os artigos publicados na &#8220;Revista Epistemologia&#8221;: Da Fragmenta\u00e7\u00e3o \u00e0 complexidade: os saberes tradicionais amaz\u00f4nicos e a rela\u00e7\u00e3o ser humano &#8211; Natureza na Amaz\u00f4nia sob uma compreens\u00e3o em Edgar Morin Editorial &#8211; Centen\u00e1rios e reflex\u00f5es temporais A Fic\u00e7\u00e3o Cient\u00edfica como parte do processo e Revolu\u00e7\u00e3o da Ci\u00eancia Epistemologia \u2013 o que \u00e9? Dasein e Zuhanden [&hellip;]<\/p>\n","protected":false},"author":1,"featured_media":0,"parent":0,"menu_order":0,"comment_status":"closed","ping_status":"closed","template":"","meta":{"_bbp_topic_count":0,"_bbp_reply_count":0,"_bbp_total_topic_count":0,"_bbp_total_reply_count":0,"_bbp_voice_count":0,"_bbp_anonymous_reply_count":0,"_bbp_topic_count_hidden":0,"_bbp_reply_count_hidden":0,"_bbp_forum_subforum_count":0,"jetpack_post_was_ever_published":false},"aioseo_notices":[],"jetpack_sharing_enabled":true,"jetpack_shortlink":"https:\/\/wp.me\/P86Mw3-A","_links":{"self":[{"href":"https:\/\/epistemologia.com.br\/revista\/wp-json\/wp\/v2\/pages\/36"}],"collection":[{"href":"https:\/\/epistemologia.com.br\/revista\/wp-json\/wp\/v2\/pages"}],"about":[{"href":"https:\/\/epistemologia.com.br\/revista\/wp-json\/wp\/v2\/types\/page"}],"author":[{"embeddable":true,"href":"https:\/\/epistemologia.com.br\/revista\/wp-json\/wp\/v2\/users\/1"}],"replies":[{"embeddable":true,"href":"https:\/\/epistemologia.com.br\/revista\/wp-json\/wp\/v2\/comments?post=36"}],"version-history":[{"count":14,"href":"https:\/\/epistemologia.com.br\/revista\/wp-json\/wp\/v2\/pages\/36\/revisions"}],"predecessor-version":[{"id":382,"href":"https:\/\/epistemologia.com.br\/revista\/wp-json\/wp\/v2\/pages\/36\/revisions\/382"}],"wp:attachment":[{"href":"https:\/\/epistemologia.com.br\/revista\/wp-json\/wp\/v2\/media?parent=36"}],"curies":[{"name":"wp","href":"https:\/\/api.w.org\/{rel}","templated":true}]}}