{"id":1829,"date":"2023-05-07T00:56:09","date_gmt":"2023-05-07T03:56:09","guid":{"rendered":"https:\/\/epistemologia.com.br\/revista\/?page_id=1829"},"modified":"2023-05-07T00:56:09","modified_gmt":"2023-05-07T03:56:09","slug":"nossos-artigos","status":"publish","type":"page","link":"https:\/\/epistemologia.com.br\/revista\/nossos-artigos","title":{"rendered":"Nossos artigos"},"content":{"rendered":"<div class=\"kcite-section\" kcite-section-id=\"1829\">\n<p>Confiram os artigos publicados na &#8220;Revista Epistemologia&#8221;:<\/p>\n<ul>\n<li><a href=\"https:\/\/epistemologia.com.br\/academico\/index.php\/epistemologia\/article\/view\/1\">Da Fragmenta\u00e7\u00e3o \u00e0 complexidade: os saberes tradicionais amaz\u00f4nicos e a rela\u00e7\u00e3o ser humano &#8211; Natureza na Amaz\u00f4nia sob uma compreens\u00e3o em Edgar Morin<\/a><\/li>\n<li><a href=\"https:\/\/epistemologia.com.br\/academico\/index.php\/epistemologia\/article\/view\/4\">Editorial &#8211; Centen\u00e1rios e reflex\u00f5es temporais<\/a><\/li>\n<li><a href=\"https:\/\/epistemologia.com.br\/academico\/index.php\/epistemologia\/article\/view\/5\">A Fic\u00e7\u00e3o Cient\u00edfica como parte do processo e Revolu\u00e7\u00e3o da Ci\u00eancia<\/a><\/li>\n<li><a href=\"https:\/\/epistemologia.com.br\/academico\/index.php\/epistemologia\/article\/view\/9\">Epistemologia \u2013 o que \u00e9?<\/a><\/li>\n<li><a href=\"https:\/\/epistemologia.com.br\/academico\/index.php\/epistemologia\/article\/view\/10\">Dasein e Zuhanden em Martin Heidegger, o Realismo de Entidades em Ian Hacking e o Convencionalismo para Impactar Positivamente o Meio Ambiente<\/a><\/li>\n<li><a href=\"https:\/\/epistemologia.com.br\/academico\/index.php\/epistemologia\/article\/view\/11\">Introdu\u00e7\u00e3o ao Debate Realismo versus Antirrealismo<\/a><\/li>\n<li><a href=\"https:\/\/epistemologia.com.br\/academico\/index.php\/epistemologia\/article\/view\/12\">A Quest\u00e3o do Logos em Heidegger e Lyotard: A urg\u00eancia de um \u201coutro pensar\u201d na condi\u00e7\u00e3o p\u00f3s-moderna<\/a><\/li>\n<li><a href=\"https:\/\/epistemologia.com.br\/academico\/index.php\/epistemologia\/article\/view\/13\">Epistemologia e suas poss\u00edveis interse\u00e7\u00f5es sociais<\/a><\/li>\n<li><a href=\"https:\/\/epistemologia.com.br\/academico\/index.php\/epistemologia\/article\/view\/14\">Agindo num mundo desde sempre familiar: perspectivas etnometodol\u00f3gicas sobre a\u00e7\u00e3o social<\/a><\/li>\n<li><a href=\"https:\/\/epistemologia.com.br\/revista\/1361-individuo-comunidade-e-ascensao-social-a-falta-de-reconhecimento-no-espaco-publico-como-forma-de-naturalizacao-das-desigualdades-e-marginalizacao-social.html\">Indiv\u00edduo, comunidade e ascens\u00e3o social: a falta de reconhecimento no espa\u00e7o p\u00fablico como forma de naturaliza\u00e7\u00e3o das desigualdades e marginaliza\u00e7\u00e3o social<\/a><\/li>\n<\/ul>\n<!-- kcite active, but no citations found -->\n<\/div> <!-- kcite-section 1829 -->","protected":false},"excerpt":{"rendered":"<p>Confiram os artigos publicados na &#8220;Revista Epistemologia&#8221;: Da Fragmenta\u00e7\u00e3o \u00e0 complexidade: os saberes tradicionais amaz\u00f4nicos e a rela\u00e7\u00e3o ser humano &#8211; Natureza na Amaz\u00f4nia sob uma compreens\u00e3o em Edgar Morin Editorial &#8211; Centen\u00e1rios e reflex\u00f5es temporais A Fic\u00e7\u00e3o Cient\u00edfica como parte do processo e Revolu\u00e7\u00e3o da Ci\u00eancia Epistemologia \u2013 o que \u00e9? Dasein e Zuhanden [&hellip;]<\/p>\n","protected":false},"author":1,"featured_media":0,"parent":0,"menu_order":0,"comment_status":"closed","ping_status":"closed","template":"","meta":{"_bbp_topic_count":0,"_bbp_reply_count":0,"_bbp_total_topic_count":0,"_bbp_total_reply_count":0,"_bbp_voice_count":0,"_bbp_anonymous_reply_count":0,"_bbp_topic_count_hidden":0,"_bbp_reply_count_hidden":0,"_bbp_forum_subforum_count":0,"jetpack_post_was_ever_published":false},"aioseo_notices":[],"jetpack_sharing_enabled":true,"jetpack_shortlink":"https:\/\/wp.me\/P86Mw3-tv","_links":{"self":[{"href":"https:\/\/epistemologia.com.br\/revista\/wp-json\/wp\/v2\/pages\/1829"}],"collection":[{"href":"https:\/\/epistemologia.com.br\/revista\/wp-json\/wp\/v2\/pages"}],"about":[{"href":"https:\/\/epistemologia.com.br\/revista\/wp-json\/wp\/v2\/types\/page"}],"author":[{"embeddable":true,"href":"https:\/\/epistemologia.com.br\/revista\/wp-json\/wp\/v2\/users\/1"}],"replies":[{"embeddable":true,"href":"https:\/\/epistemologia.com.br\/revista\/wp-json\/wp\/v2\/comments?post=1829"}],"version-history":[{"count":1,"href":"https:\/\/epistemologia.com.br\/revista\/wp-json\/wp\/v2\/pages\/1829\/revisions"}],"predecessor-version":[{"id":1831,"href":"https:\/\/epistemologia.com.br\/revista\/wp-json\/wp\/v2\/pages\/1829\/revisions\/1831"}],"wp:attachment":[{"href":"https:\/\/epistemologia.com.br\/revista\/wp-json\/wp\/v2\/media?parent=1829"}],"curies":[{"name":"wp","href":"https:\/\/api.w.org\/{rel}","templated":true}]}}